 + 6*l + 4. Let n(d) = 6*d + 31. Let j be n(-6). Let g(x) = -58*x - 265. Calculate the remainder when f(-5) is divided by g(j).
24
What is the remainder when (14/(-10))/((-279)/1395) + 1522/2 is divided by 68?
20
Suppose -265*o = -248*o - 34. Suppose o*w = 4*u + 3*w - 2346, 3*w = -2*u + 1178. Calculate the remainder when u is divided by 98.
96
Suppose -22*q = -25*q + 3084. Let v be (-2)/(-5) + -3 + q/(-20). Let b = 62 + v. Calculate the remainder when 12 is divided by b.
4
Suppose -45 = -2*w - 153. Let h(b) = -4*b**3 + 29*b**2 - 10*b - 116. Calculate the remainder when (w/(-8))/((-1)/(-4)) is divided by h(6).
3
Suppose 0 = n, 4*a - a - n - 9 = 0. Suppose c = -a + 7. Suppose -l = 4*f - 11, -c*f = 5*l - 0*f - 71. What is the remainder when l is divided by 9?
6
Suppose -f + 101 = -68. Let c be -1*(-7 + 9 - f*-1). Let j = -89 - c. What is the remainder when j is divided by 21?
19
Suppose -5*p + 412 = 1461*w - 1457*w, 0 = -3*w - 2*p + 316. Calculate the remainder when 607 is divided by w.
67
What is the remainder when 9009/49 - 15/(-105) is divided by 128?
56
Suppose 0 = y - 4*g - 24, 20 = g + 4*g. Calculate the remainder when (3/1 + (-102)/30)/(92/(-45310)) is divided by y.
37
Let i(t) = 412*t**3 - 2*t**2 + 2*t + 1. Calculate the remainder when i(1) is divided by 82.
3
Let c = 356 - 270. Let x = 89 - c. What is the remainder when 23 is divided by x?
2
Let n(a) = 2*a**2 + 4*a + 3. Let p be n(-2). Suppose -p*r - 3*c = -720, 2*c - 1 = 1. Calculate the remainder when r is divided by 16.
15
Suppose 23 = -7*b + 618. Suppose -z = -4*q + 37 + b, -z + 58 = 2*q. Calculate the remainder when 85 is divided by q.
25
Suppose -7*w + 2443 - 2051 = 0. Let q = 133 + -110. What is the remainder when w is divided by q?
10
Let k be (-2)/(-7) - (-60)/(-14). Let y be (k + 10)/((-1)/1 - 1). Let c(m) = 5*m**2 + 2*m. What is the remainder when 192 is divided by c(y)?
36
Let x(q) = 12542*q**3 + 46*q - 45. What is the remainder when x(1) is divided by 102?
99
Let r = -17157 - -17701. Calculate the remainder when r is divided by 389.
155
Let q(d) = 30*d - 37. Let y(g) = -17*g - 7. Let p be y(11). Let h = p + 285. Calculate the remainder when h is divided by q(2).
22
Let o(a) = 3*a**2 + 3*a + 4. Let d = -34 + 58. Suppose 0*k = -6*k - d. Calculate the remainder when o(k) is divided by 15.
10
Let t(q) = q**2 - 65*q + 511. What is the remainder when 328 is divided by t(8)?
53
Suppose 0 = -316*c + 9135 + 2557. Suppose 0 = -2*v + 5*d + 283, 0 = 2*v + v + 2*d - 377. What is the remainder when v is divided by c?
18
Let p = 9568 + -9452. Calculate the remainder when 400 is divided by p.
52
Let l = 2188 - 2186. Let o(g) = g**2 - 3*g - 4. Let u be o(4). Suppose l*v - 8 = -u*v. What is the remainder when 31 is divided by v?
3
What is the remainder when 380 is divided by (((-2)/(-3))/((-28)/12))/((-13)/637)?
2
Suppose -47*f + 18*f = -38483. What is the remainder when f is divided by 38?
35
Let z = 495 + -411. Calculate the remainder when z is divided by 12.
0
Suppose 3 = 8*g - 5*g, -185 = -4*j - 5*g. What is the remainder when 89 is divided by j?
44
Suppose 890*a - 960*a + 618170 = 0. What is the remainder when a is divided by 15?
11
Let c(m) = 12*m**2 - 4*m + 1. Suppose 3*q = 5*q - 4*v + 8, -v = -q - 3. Calculate the remainder when 113 is divided by c(q).
56
Suppose -305*x + 1363 = -304*x. What is the remainder when x is divided by 13?
11
Let j(h) = -h**2 - 6*h - 16. Suppose y = w + 1, y = 5*y + w + 1. Let b be j(y). What is the remainder when (-2 - b/10) + (-8460)/(-150) is divided by 29?
27
Let q = -131 - -132. Let o(v) = 22*v + 5 - 8*v + 36*v. Calculate the remainder when o(q) is divided by 19.
17
Let s = 503 - 308. Let x = -151 + s. What is the remainder when 263 is divided by x?
43
Suppose 3*q - 18 = 36. Suppose -34 = 1774*k - 1775*k. Let m = k - q. What is the remainder when 31 is divided by m?
15
Let h be (-1132)/(-9) - 40/(-180). Calculate the remainder when (-977)/(-13) + -5 + h/26 is divided by 26.
23
Suppose 49*v - 1328362 = -125*v - 32584. Calculate the remainder when v is divided by 19.
18
Suppose 1110 = 3*g + 4*f, 4*f + 1134 = -53*g + 56*g. Calculate the remainder when g is divided by 75.
74
What is the remainder when 1068/13 + (-1533)/(-91) + -17 is divided by 18?
10
Let d = -186 - -188. Calculate the remainder when 94 is divided by d/(-4) + (4/8 - -12).
10
Suppose -5*o + 20 = 3*k, 0 = -5*k + 6*k - 5*o + 20. Suppose k = -10*u + 69 + 121. What is the remainder when u is divided by (6/8)/(2/24)?
1
Let l = -3074 + 3282. What is the remainder when 4367 is divided by l?
207
Let k = 11093 - 10992. Calculate the remainder when 1022 is divided by k.
12
Let v be 5/2*100/(-125) - 271. Let r = v - -335. Calculate the remainder when r is divided by 127/4 - (-2)/8.
30
Suppose 0 = -3*c - 22 + 127. Suppose 0 - c = -5*w. Let a = w + 33. What is the remainder when 198 is divided by a?
38
Let m = 73 - 88. Let n = m - -11. Calculate the remainder when (n - (4 - 9))/((-1)/(-71)) is divided by 19.
14
Let t = -689 - -822. Let h(p) = -p**3 + p**2 - p + 27. What is the remainder when t is divided by h(0)?
25
Let h = -130 + -61. Let u = -184 - h. Calculate the remainder when u is divided by 4.
3
Suppose -593 = 5*t + 4*v + 89, t + 3*v + 132 = 0. Let p = -116 - t. What is the remainder when 83 is divided by p?
17
Let a(j) = 2*j**3 - 23*j**2 + 11*j + 8. Let t be a(12). Suppose 0 = 3*d - 2*p - t, -4*d - 2*p + 371 = 3*p. What is the remainder when d is divided by 12?
10
Let b(d) = d**2 - 2*d - 11. Let o = -104 + 107. Suppose 4*r - 69 = -o*x - r, 2*r = -5*x + 115. What is the remainder when x is divided by b(-4)?
10
Let i = -533 + 1371. Let a = i + -821. Suppose -5*c + 395 = -0*c. Calculate the remainder when c is divided by a.
11
Let k(x) = -7*x**2 - 292*x + 113. What is the remainder when 5942 is divided by k(-42)?
26
Let s = 360 - 235. Suppose 0 = 99*t - 90*t + 558. Let c = t + s. Calculate the remainder when c is divided by 16.
15
Let f = 3538 + -3490. Calculate the remainder when 237 is divided by f.
45
Suppose 7*b = 3*j + 11*b - 22, -4*j + 31 = 5*b. Calculate the remainder when 27 is divided by j.
13
What is the remainder when ((-78)/63 + (-32)/(-280)*5)*-291 is divided by 168?
26
Let k(q) be the second derivative of -q**5/10 - q**4/12 - q**3/6 - 5*q**2/2 - 6*q + 10. What is the remainder when k(-3) is divided by 40?
3
Let z = -2 - -9. Let l = 205 + -154. Suppose -2*f - 29 = -l. What is the remainder when f is divided by z?
4
Let s = -11388 - -11637. Calculate the remainder when s is divided by 9.
6
Let v(m) = -42*m - 57. Let i be v(4). Let o = 336 + i. Calculate the remainder when o is divided by 14.
13
Suppose -3*d + 71 = -5*c, 3*d - 18 - 45 = 3*c. Suppose -r = -18 + d. Let s = 0 - -3. What is the remainder when s is divided by r?
0
Let i = -15 - -18. Suppose 196 + 311 = i*n. Calculate the remainder when n is divided by 173/5 + 36/(-60).
33
Let d(k) = -k**3 - 2*k**2 + 90*k - 17. What is the remainder when d(-12) is divided by 88?
79
Suppose -11*i = 34 - 67. Suppose -169 = j - 3*j - i*c, 4*j - 4*c - 288 = 0. Calculate the remainder when j is divided by 12.
5
Suppose -2*l = -z + 4, -7*z = -2*z - 2*l - 44. Suppose -z*b + 115 = -125. Calculate the remainder when 35 is divided by b.
11
Let x = -8984 - -9557. Calculate the remainder when x is divided by 271.
31
Let f = -9511 - -9909. What is the remainder when f is divided by 185?
28
Let r(w) = -2*w - 3. Let p(u) = u**2 + u + 2. Let g(z) = 6*p(z) + 4*r(z). Let t = 1377 + -1341. What is the remainder when g(5) is divided by t?
32
Calculate the remainder when 60705/60 - (-126)/56 is divided by 202.
4
Suppose 2*c - 21 = -36 + 29. Calculate the remainder when c is divided by -2 - -9 - 3 - 2.
1
Suppose -4*v = -5*b + 8901, b - 1791 = 28*v - 29*v. Calculate the remainder when b is divided by 128.
121
Suppose 5*c = 5, -4*v - 13*c + 210 = -11*c. Suppose -v - 100 = -p - 4*o, 4*o = -3*p + 464. What is the remainder when p is divided by 32?
28
Let b(o) = -o + 32. Let q be b(2). Let z(n) = n**2 - 32*n + 69. What is the remainder when 187 is divided by z(q)?
7
Let t be (20/5 - 2)*2. Suppose 4*k = -2*g + 7*g + 75, g = t*k - 63. Calculate the remainder when k is divided by 8 - 4/2 - -2.
7
Suppose 2*y - 3*g - 89 = 0, 0*g + 5*g + 179 = 4*y. Let s = 55 - y. Calcula